{"id":7506,"date":"2022-08-06T12:00:34","date_gmt":"2022-08-06T12:00:34","guid":{"rendered":"https:\/\/shetransforms.at\/?page_id=7506"},"modified":"2026-04-13T15:16:29","modified_gmt":"2026-04-13T15:16:29","slug":"pure-bliss","status":"publish","type":"page","link":"https:\/\/shetransforms.at\/index.php\/pure-bliss\/","title":{"rendered":"Arise"},"content":{"rendered":"\n<figure class=\"wp-block-image size-large\"><img loading=\"lazy\" decoding=\"async\" width=\"1024\" height=\"1024\" src=\"https:\/\/shetransforms.at\/wp-content\/uploads\/2026\/04\/Copy-of-INSTAGRAM-1024x1024.png\" alt=\"\" class=\"wp-image-12060\" srcset=\"https:\/\/shetransforms.at\/wp-content\/uploads\/2026\/04\/Copy-of-INSTAGRAM-1024x1024.png 1024w, https:\/\/shetransforms.at\/wp-content\/uploads\/2026\/04\/Copy-of-INSTAGRAM-300x300.png 300w, https:\/\/shetransforms.at\/wp-content\/uploads\/2026\/04\/Copy-of-INSTAGRAM-150x150.png 150w, https:\/\/shetransforms.at\/wp-content\/uploads\/2026\/04\/Copy-of-INSTAGRAM-768x768.png 768w, https:\/\/shetransforms.at\/wp-content\/uploads\/2026\/04\/Copy-of-INSTAGRAM-450x450.png 450w, https:\/\/shetransforms.at\/wp-content\/uploads\/2026\/04\/Copy-of-INSTAGRAM-600x600.png 600w, https:\/\/shetransforms.at\/wp-content\/uploads\/2026\/04\/Copy-of-INSTAGRAM-100x100.png 100w, https:\/\/shetransforms.at\/wp-content\/uploads\/2026\/04\/Copy-of-INSTAGRAM.png 1080w\" sizes=\"auto, (max-width: 1024px) 100vw, 1024px\" \/><\/figure>\n\n\n\n<p class=\"has-text-align-center has-text-color has-link-color wp-elements-b0220a04d04c9d9b8313ee4f77f8ca19\" style=\"color:#ffffff\"><br><strong>EMBODIED TRANSFORMATION &#8211;<br>Dein Weg zu verk\u00f6rperter Klarheit<\/strong><\/p>\n\n\n\n<p class=\"has-text-align-center has-text-color has-link-color wp-elements-dcaa434433dfa356ca420c5ab5ebffdf\" style=\"color:#ffffff\">Embodied Transformation &#8211; Dein Weg zu verk\u00f6rperter Klarheit ist ein einj\u00e4hriger Entwicklungsraum f\u00fcr Menschen in \u00dcbergangsphasen, die sp\u00fcren, dass Denken allein keine neue Orientierung mehr schafft.<br>Durch k\u00f6rperbasierte Erfahrung, klare Struktur und achtsame Prozessf\u00fchrung entsteht Schritt f\u00fcr Schritt innere Klarheit dar\u00fcber, was stimmig ist &#8211; und der Mut,<br>den eigenen n\u00e4chsten Schritt zu gehen.<br><br>Manchmal beginnt Orientierung genau dort,<br>wo Denken allein nicht mehr weiterf\u00fchrt.<br><br>Embodied Transformation er\u00f6ffnet einen gehaltenen Gruppen-Erfahrungsraum, in dem neue Klarheit nicht gesucht, sondern k\u00f6rperlich erfahrbar wird.<br><br>Ein begleiteter Prozess f\u00fcr Menschen, die pers\u00f6nliche Entwicklung mit kreativer und k\u00f6rperbasierter Praxis verbinden m\u00f6chten.<br><br><strong>Start September 2026<\/strong><br>Dauer 3 Monate<br>Max. Teilnehmer:innenzahl 12<br><br><strong>Was ist inkludiert?<\/strong><br>12 Online Termine (w\u00f6chentlich)<br>1 Pr\u00e4senzwochenende (3 Tage)<br>Peer-Austausch (optional)<br>Pers\u00f6nliche Praxis<br><br><\/p>\n\n\n\n<p class=\"has-text-align-center has-text-color has-link-color wp-elements-69295893462f63fb6282146a0a5c9a53\" style=\"color:#ffffff\">INHALT<br><br><br><strong>ANKOMMEN &amp; VERK\u00d6RPERN<\/strong><\/p>\n\n\n\n<p class=\"has-text-color has-link-color wp-elements-06fc0292a664f24262ebf7477cc7c10a\" style=\"color:#ffffff\">* <strong>Selbstwahrnehmung und innere Stabilisierung<\/strong><br>Vom dauernden Denken zur\u00fcck in k\u00f6rperliche Pr\u00e4senz<\/p>\n\n\n\n<ul class=\"wp-block-list\">\n<li class=\"has-text-color has-link-color wp-elements-d5e8f5dd1a4b3b9c0c20fcdd2c8b50da\" style=\"color:#ffffff\">Nervensystem &amp; Regulation<\/li>\n\n\n\n<li class=\"has-text-color has-link-color wp-elements-12af886f63800b66b14649cd8acb20fb\" style=\"color:#ffffff\">Embodiment-Grundlagen<\/li>\n\n\n\n<li class=\"has-text-color has-link-color wp-elements-c9f723e6b26632c1e57c2d3114c2452a\" style=\"color:#ffffff\">Atem &amp; Pr\u00e4senz<\/li>\n\n\n\n<li class=\"has-text-color has-link-color wp-elements-78824ff5bce5e6caa65e4af3d3ea9faf\" style=\"color:#ffffff\">Ressourcenaufbau<\/li>\n\n\n\n<li class=\"has-text-color has-link-color wp-elements-593ddf368567607b69cc544b871bcf5d\" style=\"color:#ffffff\">Sicherheit im Gruppenraum<\/li>\n<\/ul>\n\n\n\n<p class=\"has-text-align-center has-text-color has-link-color wp-elements-a7132c35dd9803094457c47d448cbc6e\" style=\"color:#ffffff\"><br><strong><mark style=\"background-color:rgba(0, 0, 0, 0);color:#ffffff\" class=\"has-inline-color\">ERKENNEN &amp; ENTFLECHTEN<\/mark><\/strong><\/p>\n\n\n\n<p class=\"has-text-align-left has-text-color has-link-color wp-elements-b16d4c08436820d5cb47c538574f67a5\" style=\"color:#ffffff\"><strong>Muster, Rollen und biografische Pr\u00e4gungen<\/strong><br><br>Warum stehe ich genau jetzt an diesem Punkt?<\/p>\n\n\n\n<ul class=\"wp-block-list\">\n<li class=\"has-text-color has-link-color wp-elements-59defbb72419ea0f4c7da7e5babd19aa\" style=\"color:#ffffff\">K\u00f6rperged\u00e4chtnis &amp; Schutzstrategien<\/li>\n\n\n\n<li class=\"has-text-color has-link-color wp-elements-0640a0e99e2b7e7f16ff42e3f12eed32\" style=\"color:#ffffff\">Rollenidentit\u00e4ten<\/li>\n\n\n\n<li class=\"has-text-color has-link-color wp-elements-a615037c3d9f28aed2325acddfb22c1f\" style=\"color:#ffffff\">Grenzen &amp; Bed\u00fcrfnisse<\/li>\n\n\n\n<li class=\"has-text-color has-link-color wp-elements-227da525f53a8360d6f59008c219f6c2\" style=\"color:#ffffff\">emotionale Integration<\/li>\n\n\n\n<li class=\"has-text-color has-link-color wp-elements-57716b6b2286ecdcf486ef18a4d5230c\" style=\"color:#ffffff\">Beziehungsmuster<\/li>\n<\/ul>\n\n\n\n<p class=\"has-text-align-center has-text-color has-link-color wp-elements-5f282c1279eb717a970580dc05b202d4\" style=\"color:#ffffff\"><br><strong>AUSDRUCK &amp; WIRKSAMKEIT<\/strong><\/p>\n\n\n\n<p class=\"has-text-align-left has-text-color has-link-color wp-elements-7cab7bdbfb5bc3f11b598a9c25a28f90\" style=\"color:#ffffff\"><strong>Eigene Kompetenz verk\u00f6rpern<\/strong><\/p>\n\n\n\n<ul class=\"wp-block-list\">\n<li class=\"has-text-color has-link-color wp-elements-5fde1fa6f838301363a015cca2d0ebab\" style=\"color:#ffffff\">K\u00f6rperlicher Ausdruck<\/li>\n\n\n\n<li class=\"has-text-color has-link-color wp-elements-df8658058079316b2963c87ef6f7b775\" style=\"color:#ffffff\">Stimme &amp; Pr\u00e4senz<\/li>\n\n\n\n<li class=\"has-text-color has-link-color wp-elements-bddf1bc1ee77bfeab5f09b91c2d3a743\" style=\"color:#ffffff\">kreative Erfahrungsr\u00e4ume<\/li>\n\n\n\n<li class=\"has-text-color has-link-color wp-elements-c3efb4ccdd3d795259124082d4d20b81\" style=\"color:#ffffff\">Resonanzarbeit<\/li>\n\n\n\n<li class=\"has-text-color has-link-color wp-elements-6679a870d08caf8b92c9676272c6c900\" style=\"color:#ffffff\">Experiment &amp; Spiel<\/li>\n<\/ul>\n\n\n\n<p class=\"has-text-align-center has-text-color has-link-color wp-elements-0a4c6d36bc83758fe772230f5d101e66\" style=\"color:#ffffff\"><br><strong>AUSRICHTUNG &amp; VERK\u00d6RPERTE ENTSCHEIDUNG<\/strong><\/p>\n\n\n\n<p class=\"has-text-align-left has-text-color has-link-color wp-elements-65f5d5a914d8140b817d6b24fadc4273\" style=\"color:#ffffff\"><strong>Integration und n\u00e4chster Schritt<\/strong><\/p>\n\n\n\n<p class=\"has-text-color has-link-color wp-elements-972fe18d9cb138674acd5ace800c4a4a\" style=\"color:#ffffff\">Nicht planen &#8211; sondern sp\u00fcren, was wirklich stimmig ist<\/p>\n\n\n\n<ul class=\"wp-block-list\">\n<li class=\"has-text-color has-link-color wp-elements-c941ce7dbc39c1aa652b8e76d8eaa562\" style=\"color:#ffffff\">Embodied Decision Making<\/li>\n\n\n\n<li class=\"has-text-color has-link-color wp-elements-012142aea2942a582a5dabd9f442e7c1\" style=\"color:#ffffff\">pers\u00f6nliche Ausrichtung<\/li>\n\n\n\n<li class=\"has-text-color has-link-color wp-elements-2c62544659bbdf29545b5778f8104e3b\" style=\"color:#ffffff\">Handlungsschritte entwickeln<\/li>\n\n\n\n<li class=\"has-text-color has-link-color wp-elements-6b0b7963dd052a5b81e2d54cb79f98f0\" style=\"color:#ffffff\">Integration in Beruf &amp; Alltag<\/li>\n\n\n\n<li class=\"has-text-color has-link-color wp-elements-39473a2851490a83d2256f834c5e6056\" style=\"color:#ffffff\">Abschlussprozess<\/li>\n<\/ul>\n\n\n\n<p class=\"has-text-align-center has-text-color has-link-color wp-elements-895847f559cfd2c822c6893e84b073c4\" style=\"color:#ffffff\">*<mark style=\"background-color:rgba(0, 0, 0, 0);color:#ffffff\" class=\"has-inline-color\"><br><\/mark>Am Ende des Programms verf\u00fcgen die Teilnehmer:innen \u00fcber eine <strong>verk\u00f6rperte Klarheit<\/strong> \u00fcber ihre eigene <strong>Ausrichtung<\/strong>.<br>Sie k\u00f6nnen ihren <strong>F\u00e4higkeiten<\/strong> vertrauen, stimmige <strong>Entscheidungen<\/strong> treffen und konkrete <strong>n\u00e4chste Schritte<\/strong> aus <strong>innerer Orientierung<\/strong> heraus gehen.<br><br>*<br><br><strong>Info &amp; Anmeldung<\/strong><br><br>Lass Dich auf die <strong>Interessent*innen-Liste<\/strong> setzen<br>oder stelle mir Deine Fragen<br><br>via <strong><a href=\"emailto:office@shetransforms.at\">Email<\/a> oder WhatsApp +43(0)69912605795<\/strong><br>Betreff: ARISE<br><br>Ich freu mich auf Dich!<br><\/p>\n\n\n\n<p><\/p>\n","protected":false},"excerpt":{"rendered":"<p>EMBODIED TRANSFORMATION &#8211;Dein Weg zu verk\u00f6rperter Klarheit Embodied Transformation &#8211; Dein Weg zu verk\u00f6rperter Klarheit ist ein einj\u00e4hriger Entwicklungsraum f\u00fcr Menschen in \u00dcbergangsphasen, die sp\u00fcren, dass Denken allein keine neue Orientierung mehr schafft.Durch k\u00f6rperbasierte Erfahrung, klare Struktur und achtsame Prozessf\u00fchrung entsteht Schritt f\u00fcr Schritt innere Klarheit dar\u00fcber, was stimmig ist &#8211; und der Mut,den eigenen [&hellip;]<\/p>\n","protected":false},"author":1,"featured_media":0,"parent":0,"menu_order":0,"comment_status":"closed","ping_status":"closed","template":"","meta":{"footnotes":""},"class_list":["post-7506","page","type-page","status-publish","hentry"],"_links":{"self":[{"href":"https:\/\/shetransforms.at\/index.php\/wp-json\/wp\/v2\/pages\/7506","targetHints":{"allow":["GET"]}}],"collection":[{"href":"https:\/\/shetransforms.at\/index.php\/wp-json\/wp\/v2\/pages"}],"about":[{"href":"https:\/\/shetransforms.at\/index.php\/wp-json\/wp\/v2\/types\/page"}],"author":[{"embeddable":true,"href":"https:\/\/shetransforms.at\/index.php\/wp-json\/wp\/v2\/users\/1"}],"replies":[{"embeddable":true,"href":"https:\/\/shetransforms.at\/index.php\/wp-json\/wp\/v2\/comments?post=7506"}],"version-history":[{"count":336,"href":"https:\/\/shetransforms.at\/index.php\/wp-json\/wp\/v2\/pages\/7506\/revisions"}],"predecessor-version":[{"id":12068,"href":"https:\/\/shetransforms.at\/index.php\/wp-json\/wp\/v2\/pages\/7506\/revisions\/12068"}],"wp:attachment":[{"href":"https:\/\/shetransforms.at\/index.php\/wp-json\/wp\/v2\/media?parent=7506"}],"curies":[{"name":"wp","href":"https:\/\/api.w.org\/{rel}","templated":true}]}}

<figure class="wp-block-image size-large"><img loading="lazy" decoding="async" width="1024" height="1024" src="https://shetransforms.at/wp-content/uploads/2026/04/Copy-of-INSTAGRAM-1024x1024.png" alt="" class="wp-image-12060" srcset="https://shetransforms.at/wp-content/uploads/2026/04/Copy-of-INSTAGRAM-1024x1024.png 1024w, https://shetransforms.at/wp-content/uploads/2026/04/Copy-of-INSTAGRAM-300x300.png 300w, https://shetransforms.at/wp-content/uploads/2026/04/Copy-of-INSTAGRAM-150x150.png 150w, https://shetransforms.at/wp-content/uploads/2026/04/Copy-of-INSTAGRAM-768x768.png 768w, https://shetransforms.at/wp-content/uploads/2026/04/Copy-of-INSTAGRAM-450x450.png 450w, https://shetransforms.at/wp-content/uploads/2026/04/Copy-of-INSTAGRAM-600x600.png 600w, https://shetransforms.at/wp-content/uploads/2026/04/Copy-of-INSTAGRAM-100x100.png 100w, https://shetransforms.at/wp-content/uploads/2026/04/Copy-of-INSTAGRAM.png 1080w" sizes="auto, (max-width: 1024px) 100vw, 1024px" /></figure>



<p class="has-text-align-center has-text-color has-link-color wp-elements-b0220a04d04c9d9b8313ee4f77f8ca19" style="color:#ffffff"><br><strong>EMBODIED TRANSFORMATION &#8211;<br>Dein Weg zu verkörperter Klarheit</strong></p>



<p class="has-text-align-center has-text-color has-link-color wp-elements-dcaa434433dfa356ca420c5ab5ebffdf" style="color:#ffffff">Embodied Transformation &#8211; Dein Weg zu verkörperter Klarheit ist ein einjähriger Entwicklungsraum für Menschen in Übergangsphasen, die spüren, dass Denken allein keine neue Orientierung mehr schafft.<br>Durch körperbasierte Erfahrung, klare Struktur und achtsame Prozessführung entsteht Schritt für Schritt innere Klarheit darüber, was stimmig ist &#8211; und der Mut,<br>den eigenen nächsten Schritt zu gehen.<br><br>Manchmal beginnt Orientierung genau dort,<br>wo Denken allein nicht mehr weiterführt.<br><br>Embodied Transformation eröffnet einen gehaltenen Gruppen-Erfahrungsraum, in dem neue Klarheit nicht gesucht, sondern körperlich erfahrbar wird.<br><br>Ein begleiteter Prozess für Menschen, die persönliche Entwicklung mit kreativer und körperbasierter Praxis verbinden möchten.<br><br><strong>Start September 2026</strong><br>Dauer 3 Monate<br>Max. Teilnehmer:innenzahl 12<br><br><strong>Was ist inkludiert?</strong><br>12 Online Termine (wöchentlich)<br>1 Präsenzwochenende (3 Tage)<br>Peer-Austausch (optional)<br>Persönliche Praxis<br><br></p>



<p class="has-text-align-center has-text-color has-link-color wp-elements-69295893462f63fb6282146a0a5c9a53" style="color:#ffffff">INHALT<br><br><br><strong>ANKOMMEN &amp; VERKÖRPERN</strong></p>



<p class="has-text-color has-link-color wp-elements-06fc0292a664f24262ebf7477cc7c10a" style="color:#ffffff">* <strong>Selbstwahrnehmung und innere Stabilisierung</strong><br>Vom dauernden Denken zurück in körperliche Präsenz</p>



<ul class="wp-block-list">
<li class="has-text-color has-link-color wp-elements-d5e8f5dd1a4b3b9c0c20fcdd2c8b50da" style="color:#ffffff">Nervensystem &amp; Regulation</li>



<li class="has-text-color has-link-color wp-elements-12af886f63800b66b14649cd8acb20fb" style="color:#ffffff">Embodiment-Grundlagen</li>



<li class="has-text-color has-link-color wp-elements-c9f723e6b26632c1e57c2d3114c2452a" style="color:#ffffff">Atem &amp; Präsenz</li>



<li class="has-text-color has-link-color wp-elements-78824ff5bce5e6caa65e4af3d3ea9faf" style="color:#ffffff">Ressourcenaufbau</li>



<li class="has-text-color has-link-color wp-elements-593ddf368567607b69cc544b871bcf5d" style="color:#ffffff">Sicherheit im Gruppenraum</li>
</ul>



<p class="has-text-align-center has-text-color has-link-color wp-elements-a7132c35dd9803094457c47d448cbc6e" style="color:#ffffff"><br><strong><mark style="background-color:rgba(0, 0, 0, 0);color:#ffffff" class="has-inline-color">ERKENNEN &amp; ENTFLECHTEN</mark></strong></p>



<p class="has-text-align-left has-text-color has-link-color wp-elements-b16d4c08436820d5cb47c538574f67a5" style="color:#ffffff"><strong>Muster, Rollen und biografische Prägungen</strong><br><br>Warum stehe ich genau jetzt an diesem Punkt?</p>



<ul class="wp-block-list">
<li class="has-text-color has-link-color wp-elements-59defbb72419ea0f4c7da7e5babd19aa" style="color:#ffffff">Körpergedächtnis &amp; Schutzstrategien</li>



<li class="has-text-color has-link-color wp-elements-0640a0e99e2b7e7f16ff42e3f12eed32" style="color:#ffffff">Rollenidentitäten</li>



<li class="has-text-color has-link-color wp-elements-a615037c3d9f28aed2325acddfb22c1f" style="color:#ffffff">Grenzen &amp; Bedürfnisse</li>



<li class="has-text-color has-link-color wp-elements-227da525f53a8360d6f59008c219f6c2" style="color:#ffffff">emotionale Integration</li>



<li class="has-text-color has-link-color wp-elements-57716b6b2286ecdcf486ef18a4d5230c" style="color:#ffffff">Beziehungsmuster</li>
</ul>



<p class="has-text-align-center has-text-color has-link-color wp-elements-5f282c1279eb717a970580dc05b202d4" style="color:#ffffff"><br><strong>AUSDRUCK &amp; WIRKSAMKEIT</strong></p>



<p class="has-text-align-left has-text-color has-link-color wp-elements-7cab7bdbfb5bc3f11b598a9c25a28f90" style="color:#ffffff"><strong>Eigene Kompetenz verkörpern</strong></p>



<ul class="wp-block-list">
<li class="has-text-color has-link-color wp-elements-5fde1fa6f838301363a015cca2d0ebab" style="color:#ffffff">Körperlicher Ausdruck</li>



<li class="has-text-color has-link-color wp-elements-df8658058079316b2963c87ef6f7b775" style="color:#ffffff">Stimme &amp; Präsenz</li>



<li class="has-text-color has-link-color wp-elements-bddf1bc1ee77bfeab5f09b91c2d3a743" style="color:#ffffff">kreative Erfahrungsräume</li>



<li class="has-text-color has-link-color wp-elements-c3efb4ccdd3d795259124082d4d20b81" style="color:#ffffff">Resonanzarbeit</li>



<li class="has-text-color has-link-color wp-elements-6679a870d08caf8b92c9676272c6c900" style="color:#ffffff">Experiment &amp; Spiel</li>
</ul>



<p class="has-text-align-center has-text-color has-link-color wp-elements-0a4c6d36bc83758fe772230f5d101e66" style="color:#ffffff"><br><strong>AUSRICHTUNG &amp; VERKÖRPERTE ENTSCHEIDUNG</strong></p>



<p class="has-text-align-left has-text-color has-link-color wp-elements-65f5d5a914d8140b817d6b24fadc4273" style="color:#ffffff"><strong>Integration und nächster Schritt</strong></p>



<p class="has-text-color has-link-color wp-elements-972fe18d9cb138674acd5ace800c4a4a" style="color:#ffffff">Nicht planen &#8211; sondern spüren, was wirklich stimmig ist</p>



<ul class="wp-block-list">
<li class="has-text-color has-link-color wp-elements-c941ce7dbc39c1aa652b8e76d8eaa562" style="color:#ffffff">Embodied Decision Making</li>



<li class="has-text-color has-link-color wp-elements-012142aea2942a582a5dabd9f442e7c1" style="color:#ffffff">persönliche Ausrichtung</li>



<li class="has-text-color has-link-color wp-elements-2c62544659bbdf29545b5778f8104e3b" style="color:#ffffff">Handlungsschritte entwickeln</li>



<li class="has-text-color has-link-color wp-elements-6b0b7963dd052a5b81e2d54cb79f98f0" style="color:#ffffff">Integration in Beruf &amp; Alltag</li>



<li class="has-text-color has-link-color wp-elements-39473a2851490a83d2256f834c5e6056" style="color:#ffffff">Abschlussprozess</li>
</ul>



<p class="has-text-align-center has-text-color has-link-color wp-elements-895847f559cfd2c822c6893e84b073c4" style="color:#ffffff">*<mark style="background-color:rgba(0, 0, 0, 0);color:#ffffff" class="has-inline-color"><br></mark>Am Ende des Programms verfügen die Teilnehmer:innen über eine <strong>verkörperte Klarheit</strong> über ihre eigene <strong>Ausrichtung</strong>.<br>Sie können ihren <strong>Fähigkeiten</strong> vertrauen, stimmige <strong>Entscheidungen</strong> treffen und konkrete <strong>nächste Schritte</strong> aus <strong>innerer Orientierung</strong> heraus gehen.<br><br>*<br><br><strong>Info &amp; Anmeldung</strong><br><br>Lass Dich auf die <strong>Interessent*innen-Liste</strong> setzen<br>oder stelle mir Deine Fragen<br><br>via <strong><a href="emailto:office@shetransforms.at">Email</a> oder WhatsApp +43(0)69912605795</strong><br>Betreff: ARISE<br><br>Ich freu mich auf Dich!<br></p>



<p></p>

<p>EMBODIED TRANSFORMATION &#8211;Dein Weg zu verkörperter Klarheit Embodied Transformation &#8211; Dein Weg zu verkörperter Klarheit ist ein einjähriger Entwicklungsraum für Menschen in Übergangsphasen, die spüren, dass Denken allein keine neue Orientierung mehr schafft.Durch körperbasierte Erfahrung, klare Struktur und achtsame Prozessführung entsteht Schritt für Schritt innere Klarheit darüber, was stimmig ist &#8211; und der Mut,den eigenen [&hellip;]</p>
