{"id":332,"date":"2020-08-13T15:34:41","date_gmt":"2020-08-13T15:34:41","guid":{"rendered":"http:\/\/shetransforms.at\/?page_id=332"},"modified":"2026-04-20T09:37:57","modified_gmt":"2026-04-20T09:37:57","slug":"my-sacred-space","status":"publish","type":"page","link":"https:\/\/shetransforms.at\/index.php\/the-new-umoma-opens-its-doors-2\/my-sacred-space\/","title":{"rendered":"Align"},"content":{"rendered":"\n<figure class=\"wp-block-image size-full is-style-default\"><img loading=\"lazy\" decoding=\"async\" width=\"1000\" height=\"1000\" src=\"https:\/\/shetransforms.at\/wp-content\/uploads\/2026\/04\/Insta-posts-1.png\" alt=\"\" class=\"wp-image-12056\" srcset=\"https:\/\/shetransforms.at\/wp-content\/uploads\/2026\/04\/Insta-posts-1.png 1000w, https:\/\/shetransforms.at\/wp-content\/uploads\/2026\/04\/Insta-posts-1-300x300.png 300w, https:\/\/shetransforms.at\/wp-content\/uploads\/2026\/04\/Insta-posts-1-150x150.png 150w, https:\/\/shetransforms.at\/wp-content\/uploads\/2026\/04\/Insta-posts-1-768x768.png 768w, https:\/\/shetransforms.at\/wp-content\/uploads\/2026\/04\/Insta-posts-1-450x450.png 450w, https:\/\/shetransforms.at\/wp-content\/uploads\/2026\/04\/Insta-posts-1-600x600.png 600w, https:\/\/shetransforms.at\/wp-content\/uploads\/2026\/04\/Insta-posts-1-100x100.png 100w\" sizes=\"auto, (max-width: 1000px) 100vw, 1000px\" \/><\/figure>\n\n\n\n<p class=\"has-text-align-center has-text-color has-link-color wp-elements-26cd47fd7c2715b7636b861ef25868f5\" style=\"color:#ffffff\"><strong>Zur\u00fcck zu dir &#8211; Begleitung durch Zeiten des Umbruchs<\/strong> <br><br>Ich begleite dich durch Zeiten der Verwirrung zur\u00fcck in deine innere Klarheit &#8211; nicht durch schnelle Antworten, sondern durch echte Erfahrung, K\u00f6rperbewusstsein und tiefe Reflexion.<br><br>Es gibt Phasen im Leben, in denen man merkt:<br>So wie es ist, passt es nicht mehr.<\/p>\n\n\n\n<p class=\"has-text-align-center has-text-color has-link-color wp-elements-83ab59ca382250323f40469780a48353\" style=\"color:#ffffff\">Und gleichzeitig ist noch nicht klar, wie es weitergeht.<br>Gedanken kreisen, Entscheidungen fallen schwer, und irgendwo ist da dieses Gef\u00fchl, sich selbst verloren zu haben.<\/p>\n\n\n\n<p class=\"has-text-align-center has-text-color has-link-color wp-elements-0e4ac057ef750cd563a2bca704a05bf3\" style=\"color:#ffffff\">In dieser Begleitung geht es nicht darum, schnell Antworten zu finden. Sondern darum, wieder in Kontakt mit dir selbst zu kommen.<\/p>\n\n\n\n<p class=\"has-text-align-center has-text-color has-link-color wp-elements-e87de6fd62349021235180b13b2131f5\" style=\"color:#ffffff\">Klarheit entsteht hier nicht im Kopf, sondern aus dem, was du wirklich wahrnimmst, f\u00fchlst und erkennst.<\/p>\n\n\n\n<p class=\"has-text-align-center has-text-color has-link-color wp-elements-08b337b23c7b9bf8116ed962a686736b\" style=\"color:#ffffff\">Ich halte den Raum daf\u00fcr &#8211; ruhig, ehrlich und ohne Druck.<\/p>\n\n\n\n<p class=\"has-text-align-center has-text-color has-link-color wp-elements-4632bdbce640f8885bf556be9c483635\" style=\"color:#ffffff\">Dauer: <strong>3 Monate<\/strong><br>Sessions: <strong>6\u20138 Termine<\/strong><br>Dauer je Session: 75\u201390 Minuten<br>zus\u00e4tzlich Voice-\/Textbegleitung<br><br><strong>Methoden<\/strong><br><br>Energetik * Embodiment * ganzheitliches Coaching<br><br>Basierend auf einem holistischen Menschenbild<br>arbeite ich mit Dir auf k\u00f6rperlicher, energetischer, emotionaler, mentaler &amp; seelischer Ebene.<br><\/p>\n\n\n\n<p class=\"has-text-align-center has-text-color has-link-color wp-elements-f6bd339d7779a60c944c0c10c2e50112\" style=\"color:#ffffff\"><strong>Was ist inkludiert?<\/strong><br><br>3 Monate in einem <strong>sicheren Raum f\u00fcr Deine Entwicklung<\/strong><br>6-8 Einzelcoachings, on- oder offline, je nach Bedarf<br>Achtsamkeits,- und Integrations\u00fcbungen<br>Zus\u00e4tzlicher Support via WhatsApp<br><br><strong>Kontaktiere mich gerne via <a href=\"emailto:office@shetransforms.at\">Email<\/a> oder WhatsApp<\/strong><br>f\u00fcr ein Erstgespr\u00e4ch zum gegenseitigen Kennenlernen.<br><br>Ich freue mich auf Dich!<\/p>\n\n\n\n<p><\/p>\n","protected":false},"excerpt":{"rendered":"<p>Zur\u00fcck zu dir &#8211; Begleitung durch Zeiten des Umbruchs Ich begleite dich durch Zeiten der Verwirrung zur\u00fcck in deine innere Klarheit &#8211; nicht durch schnelle Antworten, sondern durch echte Erfahrung, K\u00f6rperbewusstsein und tiefe Reflexion. Es gibt Phasen im Leben, in denen man merkt:So wie es ist, passt es nicht mehr. Und gleichzeitig ist noch nicht [&hellip;]<\/p>\n","protected":false},"author":1,"featured_media":0,"parent":8,"menu_order":0,"comment_status":"closed","ping_status":"closed","template":"","meta":{"footnotes":""},"class_list":["post-332","page","type-page","status-publish","hentry"],"_links":{"self":[{"href":"https:\/\/shetransforms.at\/index.php\/wp-json\/wp\/v2\/pages\/332","targetHints":{"allow":["GET"]}}],"collection":[{"href":"https:\/\/shetransforms.at\/index.php\/wp-json\/wp\/v2\/pages"}],"about":[{"href":"https:\/\/shetransforms.at\/index.php\/wp-json\/wp\/v2\/types\/page"}],"author":[{"embeddable":true,"href":"https:\/\/shetransforms.at\/index.php\/wp-json\/wp\/v2\/users\/1"}],"replies":[{"embeddable":true,"href":"https:\/\/shetransforms.at\/index.php\/wp-json\/wp\/v2\/comments?post=332"}],"version-history":[{"count":335,"href":"https:\/\/shetransforms.at\/index.php\/wp-json\/wp\/v2\/pages\/332\/revisions"}],"predecessor-version":[{"id":12071,"href":"https:\/\/shetransforms.at\/index.php\/wp-json\/wp\/v2\/pages\/332\/revisions\/12071"}],"up":[{"embeddable":true,"href":"https:\/\/shetransforms.at\/index.php\/wp-json\/wp\/v2\/pages\/8"}],"wp:attachment":[{"href":"https:\/\/shetransforms.at\/index.php\/wp-json\/wp\/v2\/media?parent=332"}],"curies":[{"name":"wp","href":"https:\/\/api.w.org\/{rel}","templated":true}]}}