{"id":328,"date":"2020-08-13T15:27:18","date_gmt":"2020-08-13T15:27:18","guid":{"rendered":"http:\/\/shetransforms.at\/?page_id=328"},"modified":"2020-10-02T17:18:41","modified_gmt":"2020-10-02T17:18:41","slug":"diy-new-turn-coaching","status":"publish","type":"page","link":"https:\/\/shetransforms.at\/index.php\/the-new-umoma-opens-its-doors-2\/diy-new-turn-coaching\/","title":{"rendered":"DIY MY WAY PROGRAMM"},"content":{"rendered":"\n<p>DU bist vielbesch\u00e4ftigt und liebst es, selbst\u00e4ndig und ganz nach deinem individuellen Tempo mind, body und soul zu transformieren? Das DIY MY WAY COACHING ist dein Kompass, das dich Schritt f\u00fcr Schritt durch den Prozess f\u00fchrt. Du lernst, hemmende Muster aufzul\u00f6sen, deinen Fokus auf deine wirklichen Ziele auszurichten und in die Umsetzung zu gehen.<br><br>Dieses Coaching ist ab 01. Dezember buchbar. Details folgen!<\/p>\n\n\n\n<figure class=\"wp-block-image alignfull size-large\"><img loading=\"lazy\" decoding=\"async\" width=\"1024\" height=\"682\" src=\"https:\/\/shetransforms.at\/wp-content\/uploads\/2020\/09\/luxusgo\u0308re-web-1024x682.jpg\" alt=\"\" class=\"wp-image-1065\" srcset=\"https:\/\/shetransforms.at\/wp-content\/uploads\/2020\/09\/luxusgo\u0308re-web-1024x682.jpg 1024w, https:\/\/shetransforms.at\/wp-content\/uploads\/2020\/09\/luxusgo\u0308re-web-450x300.jpg 450w, https:\/\/shetransforms.at\/wp-content\/uploads\/2020\/09\/luxusgo\u0308re-web-600x400.jpg 600w, https:\/\/shetransforms.at\/wp-content\/uploads\/2020\/09\/luxusgo\u0308re-web-300x200.jpg 300w, https:\/\/shetransforms.at\/wp-content\/uploads\/2020\/09\/luxusgo\u0308re-web-768x512.jpg 768w, https:\/\/shetransforms.at\/wp-content\/uploads\/2020\/09\/luxusgo\u0308re-web-1536x1024.jpg 1536w, https:\/\/shetransforms.at\/wp-content\/uploads\/2020\/09\/luxusgo\u0308re-web-1200x800.jpg 1200w, https:\/\/shetransforms.at\/wp-content\/uploads\/2020\/09\/luxusgo\u0308re-web-1980x1320.jpg 1980w, https:\/\/shetransforms.at\/wp-content\/uploads\/2020\/09\/luxusgo\u0308re-web.jpg 2000w\" sizes=\"auto, (max-width: 1024px) 100vw, 1024px\" \/><\/figure>\n\n\n\n<figure class=\"wp-block-image size-large\"><img decoding=\"async\" src=\"https:\/\/shetransforms.at\/wp-content\/uploads\/2020\/08\/Logo-1024x1024.png\" alt=\"\" class=\"wp-image-38\"\/><\/figure>\n","protected":false},"excerpt":{"rendered":"<p>DU bist vielbesch\u00e4ftigt und liebst es, selbst\u00e4ndig und ganz nach deinem individuellen Tempo mind, body und soul zu transformieren? Das DIY MY WAY COACHING ist dein Kompass, das dich Schritt f\u00fcr Schritt durch den Prozess f\u00fchrt. Du lernst, hemmende Muster aufzul\u00f6sen, deinen Fokus auf deine wirklichen Ziele auszurichten und in die Umsetzung zu gehen. Dieses [&hellip;]<\/p>\n","protected":false},"author":1,"featured_media":0,"parent":8,"menu_order":0,"comment_status":"closed","ping_status":"closed","template":"","meta":{"footnotes":""},"class_list":["post-328","page","type-page","status-publish","hentry"],"_links":{"self":[{"href":"https:\/\/shetransforms.at\/index.php\/wp-json\/wp\/v2\/pages\/328","targetHints":{"allow":["GET"]}}],"collection":[{"href":"https:\/\/shetransforms.at\/index.php\/wp-json\/wp\/v2\/pages"}],"about":[{"href":"https:\/\/shetransforms.at\/index.php\/wp-json\/wp\/v2\/types\/page"}],"author":[{"embeddable":true,"href":"https:\/\/shetransforms.at\/index.php\/wp-json\/wp\/v2\/users\/1"}],"replies":[{"embeddable":true,"href":"https:\/\/shetransforms.at\/index.php\/wp-json\/wp\/v2\/comments?post=328"}],"version-history":[{"count":19,"href":"https:\/\/shetransforms.at\/index.php\/wp-json\/wp\/v2\/pages\/328\/revisions"}],"predecessor-version":[{"id":940,"href":"https:\/\/shetransforms.at\/index.php\/wp-json\/wp\/v2\/pages\/328\/revisions\/940"}],"up":[{"embeddable":true,"href":"https:\/\/shetransforms.at\/index.php\/wp-json\/wp\/v2\/pages\/8"}],"wp:attachment":[{"href":"https:\/\/shetransforms.at\/index.php\/wp-json\/wp\/v2\/media?parent=328"}],"curies":[{"name":"wp","href":"https:\/\/api.w.org\/{rel}","templated":true}]}}