{"id":2335,"date":"2021-02-09T10:00:13","date_gmt":"2021-02-09T10:00:13","guid":{"rendered":"http:\/\/shetransforms.at\/?page_id=2335"},"modified":"2025-04-29T16:52:17","modified_gmt":"2025-04-29T16:52:17","slug":"testimonials","status":"publish","type":"page","link":"https:\/\/shetransforms.at\/index.php\/testimonials\/","title":{"rendered":"Testimonials"},"content":{"rendered":"\n<p class=\"has-text-align-center has-accent-color has-text-color\"><br><br>Ich bin dir echt dankbar f\u00fcr dieses unglaublich spannende und gleichzeitig so aufkl\u00e4rende Reading &#8211; Es war und ist noch immer einleuchtend und arbeitet noch immer nach &#8230; Ich muss aber sagen, dass das HD Chart Reading f\u00fcr mich jetzt zur richtigen Zeit auch gemacht worden ist, wo ich mich gerade sehr viel und intensiv mit mir auseinandergesetzt habe. &amp; danke f\u00fcr den so vertrauten Space den du w\u00e4hrend des Readings kreiert hast!<br><br>Katharina aud Graz, \u00d6sterreich<br><br><br>&#8222;Milas Codes of Business Reading war gro\u00dfartig und hat mich wieder ein St\u00fcck weiter gebracht.\u00a0\u00a0Sehr\u00a0detailliert und mit viel Feingef\u00fchl geht Mila auf diverse Aspekte des Business ein: Marketing, Superpower, Lernfelder, was Kunden brauchen etc. Dabei gab es f\u00fcr mich einige Aha-Momente und neue Aspekte, die ich in Zukunft ber\u00fccksichtigen und integrieren werde. Auch die sehr ausf\u00fchrliche schriftliche Zusammenfassung ist absolut\u00a0hilfreich. Ich kann Milas Beratung absolut empfehlen!&#8220;<\/p>\n\n\n\n<p class=\"has-text-align-center\"><mark style=\"background-color:rgba(0, 0, 0, 0)\" class=\"has-inline-color has-accent-color\">Susanne aus Leibnitz, \u00d6sterreich<\/mark><\/p>\n\n\n\n<p class=\"has-text-align-center\"><br><mark style=\"background-color:rgba(0, 0, 0, 0)\" class=\"has-inline-color has-accent-color\">Hallo Mila, die Sitzung war sehr wichtig f\u00fcr mich. Ich habe Dinge gesehen, die ich verstehen musste, woher sie kamen, damit ich sie f\u00fchlen kann, wenn das Leben, oder besser gesagt, ich, Situationen mit demselben Energiefeld darstellen muss, um auf diese Weise leichter transzendieren zu k\u00f6nnen.<br>Danke, Mila<br><br>Gonzalo aus Ibiza, Spanien<\/mark><br><br><br><mark style=\"background-color:rgba(0, 0, 0, 0)\" class=\"has-inline-color has-accent-color\">Hallo Mila, ich habe eine sehr gute Woche und fand unsere Sitzung toll. Ich denke, unsere Sitzung hat den Nagel auf den Kopf getroffen. Ich bin dir sehr dankbar f\u00fcr dein Fachwissen. Du hast es geschafft, dass ich mich sehr wohl gef\u00fchlt habe, so dass es mir leicht gefallen ist, tief in unsere Sitzung einzusteigen.<\/mark><\/p>\n\n\n\n<p class=\"has-text-align-center has-text-color\" style=\"color:#bd9812\"><mark style=\"background-color:rgba(0, 0, 0, 0)\" class=\"has-inline-color has-accent-color\">Omg\u2026.Mila, das war so tiefgreifend heilsam f\u00fcr mich\u2026alles\u2026.Ich sitze hier und verschmelze mit der Liebe.<\/mark><\/p>\n\n\n\n<p class=\"has-text-align-center has-text-color\" style=\"color:#bd9812\"><mark style=\"background-color:rgba(0, 0, 0, 0)\" class=\"has-inline-color has-accent-color\">Ich f\u00fchle mich wirklich gut. Um ehrlich zu sein, war dies ein Segen f\u00fcr mich, um &#8222;die Kurve zu kriegen&#8220;. Ab und zu gibt uns Gott die Gelegenheit, unser Leben zu verbessern, und dies war f\u00fcr mich diese Zeit. Ich bin so dankbar f\u00fcr all die Engel, die mir auf den Weg gegeben wurden, um mich auf meinem Heilungsweg zu begleiten: \u2026.Du bist EINER! Alles ist gut und ich danke euch so sehr! Die G\u00f6ttin segne dich, Mila, f\u00fcr deine wunderbare Arbeit.<\/mark><\/p>\n\n\n\n<p class=\"has-text-align-center has-accent-color has-text-color\">Ileah aus Idaho, Californien<br><br><mark style=\"background-color:rgba(0, 0, 0, 0)\" class=\"has-inline-color has-accent-color\"><br>Die Art und Weise, wie Mila arbeitet, ist pers\u00f6nlich, gr\u00fcndlich und mit \u00e4u\u00dferster Sorgfalt. Als ihre Klientin f\u00fchlte ich mich in sehr liebevollen H\u00e4nden: gehalten; unterst\u00fctzt; akzeptiert. Milas Kombination aus sorgf\u00e4ltiger Vorbereitung, f\u00fcrsorglicher Pr\u00e4senz, strategischem Denken; Adleraugen-Perspektive und bodenst\u00e4ndigem Sinn f\u00fcr Humor macht sie zu einem herausragenden Life Coach und spirituellem F\u00fchrer! Ich freue mich darauf, meine Arbeit mit ihr fortzusetzen und empfehle sie w\u00e4rmstens all jenen, die ihr volles Potential in diesem Leben leben m\u00f6chten!<br><br>Stephanie aus Wien, \u00d6sterreich<\/mark><br><br><\/p>\n\n\n\n<p class=\"has-text-align-center has-text-color\" style=\"color:#bd9812\"><mark style=\"background-color:rgba(0, 0, 0, 0)\" class=\"has-inline-color has-accent-color\">Die Arbeit mit dir hat mir sehr geholfen!<br>Obwohl alles eigentlich mit der Tierenergetik f\u00fcr meinen Hund angefangen hat, sind wir am Schluss immer bei meinen Themen gelandet.&nbsp; Es ist total spannend was man alles \u00fcber sich selbst erfahren kann, mittels Human Design oder Healing Sessions,&nbsp;und mit deiner Hilfe f\u00e4llt es einem so leicht an sich zu arbeiten.&nbsp;<br>Dank dir habe ich nun eine bessere Struktur entwickelt, habe meinen Fokus wiedergefunden und kann endlich wieder voll durchstarten.<\/mark> <mark style=\"background-color:rgba(0, 0, 0, 0)\" class=\"has-inline-color has-accent-color\">Und ganz nebenbei hast du auch noch meinem Hund und unserer Bindung geholfen.<br>Ich bin dir unendlich dankbar was du f\u00fcr mich bzw. uns getan hast!<\/mark><mark style=\"background-color:rgba(0, 0, 0, 0);color:#f43d74\" class=\"has-inline-color\">&nbsp;<\/mark><\/p>\n\n\n\n<p class=\"has-text-align-center has-text-color\" style=\"color:#bd9812\"><mark style=\"background-color:rgba(0, 0, 0, 0)\" class=\"has-inline-color has-accent-color\">Rebecca aus Graz, \u00d6sterreich<br><br><br>Dieses Seminar hat mich ein gutes St\u00fcck weiter gebracht. Mein gr\u00f6sstes Aha-Erlebnis hatte ich als mir klar vor Augen gef\u00fchrt wurde, was meine Aufgabe im Leben ist uns weshalb mein bisheriges Leben so verlaufen ist, wie es nunmal war. Durch das Verstehen der Zusammenh\u00e4nge konnte ich es viel besser annehmen, meine Ausrichtung im Leben wurde klarer und das hat mir Kraft gegeben. <br>Zudem hat mir dieses Seminar meine Pers\u00f6nlichkeit klarer vor Augen gef\u00fchrt und ich verstehe mich seitdem besser und gehe liebevoller mit mir selbst um.<br><br>Inka aus Neum\u00fcnster, Deutschland<\/mark><br><br><\/p>\n\n\n\n<p class=\"has-text-align-center has-text-color\" style=\"color:#bd9812\"><mark style=\"background-color:rgba(0, 0, 0, 0)\" class=\"has-inline-color has-accent-color\">Mila ist eine bunte und grossherzige Seele! &lt;3<br>Sie liebt, was sie tut und steckt ihr ganzes Herzblut in ihre Leidenschaft, Menschen zu helfen. Der Essenz-Workshop war sehr interaktiv mit vielen \u00dcbungen, Meditationen, Schreiben, etc. Es gab genug Raum, das Erlebte anschliessend zu teilen, wenn gew\u00fcnscht. Der kleine, gesch\u00fctzte Rahmen hat mir gut gefallen. Es war eine wertvolle Erfahrung, die mich meiner wahren Essenz best\u00e4tigt und n\u00e4her gebracht hat. <br>Herzlichen Dank f\u00fcr dieses Geschenk! &lt;3<br><br>Andra aus Z\u00fcrich, Schweiz<\/mark><br><br><\/p>\n\n\n\n<p class=\"has-text-align-center has-text-color\" style=\"color:#bd9812\"><mark style=\"background-color:rgba(0, 0, 0, 0)\" class=\"has-inline-color has-accent-color\">Ich finde es wunderbar, mit welcher Lockerheit und Humor Du das angehst. Ich wusste anfangs nicht, was da genau auf mich zukommt. Da ich ein Mensch bin, der sich gerne auf &#8222;Abenteuer&#8220; einl\u00e4sst,&nbsp; bin ich in diese Begleitung frei von zwingenden Erwartungen gegangen. Nach ersten Gespr\u00e4chen, als ich einen Tiefpunkt hatte, hatte ich ein gutes Gef\u00fchl, mich auf Dich voll einzulassen und war deswegen auch bereit, so viele Schranken wie m\u00f6glich zu \u00f6ffnen, damit wir mit den Dingen arbeiten k\u00f6nnen, die sich dahinter verbergen.<br>Das war jetzt nur ein Monat, trotzdem hast Du mir eine neue Art von Lockerheit vermittelt. Ebenfalls was Dinge betrifft, <br>die mich am Weiterkommen hindern\/hinderten konnten wir in dieser kurzen Zeit schon gut bearbeiten. <br>Du lebst Deinen Job und das strahlst Du auch vollends aus.<br><br>Wolfgang aus Leibnitz, \u00d6sterreich<\/mark><\/p>\n","protected":false},"excerpt":{"rendered":"<p>Ich bin dir echt dankbar f\u00fcr dieses unglaublich spannende und gleichzeitig so aufkl\u00e4rende Reading &#8211; Es war und ist noch immer einleuchtend und arbeitet noch immer nach &#8230; Ich muss aber sagen, dass das HD Chart Reading f\u00fcr mich jetzt zur richtigen Zeit auch gemacht worden ist, wo ich mich gerade sehr viel und intensiv [&hellip;]<\/p>\n","protected":false},"author":1,"featured_media":0,"parent":0,"menu_order":0,"comment_status":"closed","ping_status":"closed","template":"","meta":{"footnotes":""},"class_list":["post-2335","page","type-page","status-publish","hentry"],"_links":{"self":[{"href":"https:\/\/shetransforms.at\/index.php\/wp-json\/wp\/v2\/pages\/2335","targetHints":{"allow":["GET"]}}],"collection":[{"href":"https:\/\/shetransforms.at\/index.php\/wp-json\/wp\/v2\/pages"}],"about":[{"href":"https:\/\/shetransforms.at\/index.php\/wp-json\/wp\/v2\/types\/page"}],"author":[{"embeddable":true,"href":"https:\/\/shetransforms.at\/index.php\/wp-json\/wp\/v2\/users\/1"}],"replies":[{"embeddable":true,"href":"https:\/\/shetransforms.at\/index.php\/wp-json\/wp\/v2\/comments?post=2335"}],"version-history":[{"count":102,"href":"https:\/\/shetransforms.at\/index.php\/wp-json\/wp\/v2\/pages\/2335\/revisions"}],"predecessor-version":[{"id":9932,"href":"https:\/\/shetransforms.at\/index.php\/wp-json\/wp\/v2\/pages\/2335\/revisions\/9932"}],"wp:attachment":[{"href":"https:\/\/shetransforms.at\/index.php\/wp-json\/wp\/v2\/media?parent=2335"}],"curies":[{"name":"wp","href":"https:\/\/api.w.org\/{rel}","templated":true}]}}