{"id":10057,"date":"2024-02-05T19:29:09","date_gmt":"2024-02-05T19:29:09","guid":{"rendered":"https:\/\/shetransforms.at\/?page_id=10057"},"modified":"2024-12-16T19:45:07","modified_gmt":"2024-12-16T19:45:07","slug":"yantra-malerei","status":"publish","type":"page","link":"https:\/\/shetransforms.at\/index.php\/yantra-malerei\/","title":{"rendered":"Yantra Malerei"},"content":{"rendered":"\n<figure class=\"wp-block-image size-large\"><img loading=\"lazy\" decoding=\"async\" width=\"768\" height=\"1024\" src=\"https:\/\/shetransforms.at\/wp-content\/uploads\/2024\/02\/WhatsApp-Image-2024-02-16-at-17.10.04-1-768x1024.jpeg\" alt=\"\" class=\"wp-image-10141\" srcset=\"https:\/\/shetransforms.at\/wp-content\/uploads\/2024\/02\/WhatsApp-Image-2024-02-16-at-17.10.04-1-768x1024.jpeg 768w, https:\/\/shetransforms.at\/wp-content\/uploads\/2024\/02\/WhatsApp-Image-2024-02-16-at-17.10.04-1-225x300.jpeg 225w, https:\/\/shetransforms.at\/wp-content\/uploads\/2024\/02\/WhatsApp-Image-2024-02-16-at-17.10.04-1-1152x1536.jpeg 1152w, https:\/\/shetransforms.at\/wp-content\/uploads\/2024\/02\/WhatsApp-Image-2024-02-16-at-17.10.04-1-1200x1600.jpeg 1200w, https:\/\/shetransforms.at\/wp-content\/uploads\/2024\/02\/WhatsApp-Image-2024-02-16-at-17.10.04-1-1320x1760.jpeg 1320w, https:\/\/shetransforms.at\/wp-content\/uploads\/2024\/02\/WhatsApp-Image-2024-02-16-at-17.10.04-1-450x600.jpeg 450w, https:\/\/shetransforms.at\/wp-content\/uploads\/2024\/02\/WhatsApp-Image-2024-02-16-at-17.10.04-1-600x800.jpeg 600w, https:\/\/shetransforms.at\/wp-content\/uploads\/2024\/02\/WhatsApp-Image-2024-02-16-at-17.10.04-1.jpeg 1536w\" sizes=\"auto, (max-width: 768px) 100vw, 768px\" \/><\/figure>\n\n\n\n<p><\/p>\n\n\n\n<p class=\"has-text-align-center\"><mark style=\"background-color:rgba(0, 0, 0, 0);color:#d1aa65\" class=\"has-inline-color\"><br>F\u00dcR DEIN ZUHAUSE<br><br>Inspiriert von den wunderbaren Kulturen dieser Welt, und mit grosser Liebe &amp; Hingabe produziere ich seit 2023 sogenannte Yantra Bilder.<\/mark><\/p>\n\n\n\n<p><mark style=\"background-color:rgba(0, 0, 0, 0);color:#d1aa65\" class=\"has-inline-color\"><strong>Yantras<\/strong>\u00a0(Sanskrit\u00a0\u092f\u0928\u094d\u0924\u094d\u0930\u00a0<em>yantra<\/em>, n., von\u00a0<em>yam<\/em>\u00a0\u201est\u00fctzen\u201c, \u201e(er)halten\u201c) sind rituelle Diagramme, die im\u00a0Hinduismus\u00a0und\u00a0Tantrismus\u00a0verbreitet sind und zur\u00a0Meditation\u00a0verwendet werden bzw. initiatorische Funktion erf\u00fcllen.<\/mark><\/p>\n\n\n\n<p><mark style=\"background-color:rgba(0, 0, 0, 0);color:#d1aa65\" class=\"has-inline-color\">Ein YANTRA gilt als Repr\u00e4sentation des G\u00f6ttlichen und kann als physischer Ausdruck eines Mantra betrachtet werden: Das Mantra stellt einen Aspekt des G\u00f6ttlichen in Form eines Lautes dar, das Yantra dagegen in Form einer geometrischen Figur.<br>Im Zentrum der Darstellung steht ein Ausgangspunkt, Bindu (Sanskrit: \u092c\u093f\u0928\u094d\u0926\u0941 bindu m. Punkt, Tropfen, Essenz, P\u00fcnktchen, T\u00fcpfel) von dem aus die weiteren Formen ausstrahlen \u2013 so wird die visuelle Sinneswahrnehmung von diesem Startpunkt aus durch die Darstellung geleitet.<br>Typisch ist ein sehr symmetrischer Aufbau, der durch den Einsatz eines Rahmens nach au\u00dfen abgeschlossen wird und so die Energie zusammenh\u00e4lt.<\/mark><\/p>\n\n\n\n<p><mark style=\"background-color:rgba(0, 0, 0, 0);color:#d1aa65\" class=\"has-inline-color\">Yantrenbilder k\u00f6nnen Dir zur Energetisierung, Harmonisierung oder Zentrierung dienen, oder deine meditative Praxis unterst\u00fctzen.<\/mark><\/p>\n\n\n\n<p><mark style=\"background-color:rgba(0, 0, 0, 0);color:#d1aa65\" class=\"has-inline-color\">Ich stelle INDIVIDUELLE Yantrenbilder her, die Deinen pers\u00f6nlichen BED\u00dcRFNISSEN entsprechen und Dein Zuhause energetisch positiv beeinflussen.<\/mark><\/p>\n\n\n\n<p><mark style=\"background-color:rgba(0, 0, 0, 0);color:#d1aa65\" class=\"has-inline-color\">Kontaktiere mich gerne via <a href=\"mailto:office@shetransforms.at\">Email<\/a> oder Tel ++43 (0)69912605795<br>f\u00fcr eines der hier gezeigten Bilder oder f\u00fcr Dein pers\u00f6nliches Yantra Bild.<br><br>Auf Wunsch stelle ich Yantra Wandmalereien oder Yantras auf unterschiedlichen Materialien (Lehm, Holz, etc) her.<br>Ich freue mich, Dein Yantra umzusetzen oder Dich f\u00fcr Realisierungen zu beraten. <br><\/mark><\/p>\n\n\n\n<figure class=\"wp-block-gallery aligncenter has-nested-images columns-2 is-cropped wp-block-gallery-1 is-layout-flex wp-block-gallery-is-layout-flex\">\n<figure class=\"wp-block-image size-large is-style-default\"><img loading=\"lazy\" decoding=\"async\" width=\"1024\" height=\"989\" data-id=\"10147\" src=\"https:\/\/shetransforms.at\/wp-content\/uploads\/2024\/02\/WhatsApp-Image-2024-02-16-at-17.10.05-1024x989.jpeg\" alt=\"\" class=\"wp-image-10147\" srcset=\"https:\/\/shetransforms.at\/wp-content\/uploads\/2024\/02\/WhatsApp-Image-2024-02-16-at-17.10.05-1024x989.jpeg 1024w, https:\/\/shetransforms.at\/wp-content\/uploads\/2024\/02\/WhatsApp-Image-2024-02-16-at-17.10.05-300x290.jpeg 300w, https:\/\/shetransforms.at\/wp-content\/uploads\/2024\/02\/WhatsApp-Image-2024-02-16-at-17.10.05-768x741.jpeg 768w, https:\/\/shetransforms.at\/wp-content\/uploads\/2024\/02\/WhatsApp-Image-2024-02-16-at-17.10.05-1536x1483.jpeg 1536w, https:\/\/shetransforms.at\/wp-content\/uploads\/2024\/02\/WhatsApp-Image-2024-02-16-at-17.10.05-1200x1158.jpeg 1200w, https:\/\/shetransforms.at\/wp-content\/uploads\/2024\/02\/WhatsApp-Image-2024-02-16-at-17.10.05-1980x1911.jpeg 1980w, https:\/\/shetransforms.at\/wp-content\/uploads\/2024\/02\/WhatsApp-Image-2024-02-16-at-17.10.05-1320x1274.jpeg 1320w, https:\/\/shetransforms.at\/wp-content\/uploads\/2024\/02\/WhatsApp-Image-2024-02-16-at-17.10.05-450x434.jpeg 450w, https:\/\/shetransforms.at\/wp-content\/uploads\/2024\/02\/WhatsApp-Image-2024-02-16-at-17.10.05-600x579.jpeg 600w, https:\/\/shetransforms.at\/wp-content\/uploads\/2024\/02\/WhatsApp-Image-2024-02-16-at-17.10.05.jpeg 2048w\" sizes=\"auto, (max-width: 1024px) 100vw, 1024px\" \/><figcaption class=\"wp-element-caption\">Yantra Joy<br>60&#215;60 cm<br>SOLD<\/figcaption><\/figure>\n\n\n\n<figure class=\"wp-block-image size-large is-style-default\"><img loading=\"lazy\" decoding=\"async\" width=\"1024\" height=\"1016\" data-id=\"10159\" src=\"https:\/\/shetransforms.at\/wp-content\/uploads\/2024\/02\/WhatsApp-Image-2024-02-20-at-14.28.46-1024x1016.jpeg\" alt=\"\" class=\"wp-image-10159\" srcset=\"https:\/\/shetransforms.at\/wp-content\/uploads\/2024\/02\/WhatsApp-Image-2024-02-20-at-14.28.46-1024x1016.jpeg 1024w, https:\/\/shetransforms.at\/wp-content\/uploads\/2024\/02\/WhatsApp-Image-2024-02-20-at-14.28.46-300x298.jpeg 300w, https:\/\/shetransforms.at\/wp-content\/uploads\/2024\/02\/WhatsApp-Image-2024-02-20-at-14.28.46-150x150.jpeg 150w, https:\/\/shetransforms.at\/wp-content\/uploads\/2024\/02\/WhatsApp-Image-2024-02-20-at-14.28.46-768x762.jpeg 768w, https:\/\/shetransforms.at\/wp-content\/uploads\/2024\/02\/WhatsApp-Image-2024-02-20-at-14.28.46-1536x1524.jpeg 1536w, https:\/\/shetransforms.at\/wp-content\/uploads\/2024\/02\/WhatsApp-Image-2024-02-20-at-14.28.46-1200x1191.jpeg 1200w, https:\/\/shetransforms.at\/wp-content\/uploads\/2024\/02\/WhatsApp-Image-2024-02-20-at-14.28.46-1980x1965.jpeg 1980w, https:\/\/shetransforms.at\/wp-content\/uploads\/2024\/02\/WhatsApp-Image-2024-02-20-at-14.28.46-1320x1310.jpeg 1320w, https:\/\/shetransforms.at\/wp-content\/uploads\/2024\/02\/WhatsApp-Image-2024-02-20-at-14.28.46-450x446.jpeg 450w, https:\/\/shetransforms.at\/wp-content\/uploads\/2024\/02\/WhatsApp-Image-2024-02-20-at-14.28.46-600x595.jpeg 600w, https:\/\/shetransforms.at\/wp-content\/uploads\/2024\/02\/WhatsApp-Image-2024-02-20-at-14.28.46-100x100.jpeg 100w, https:\/\/shetransforms.at\/wp-content\/uploads\/2024\/02\/WhatsApp-Image-2024-02-20-at-14.28.46.jpeg 2048w\" sizes=\"auto, (max-width: 1024px) 100vw, 1024px\" \/><figcaption class=\"wp-element-caption\">Yantra Wood<br>60&#215;60 cm<br>SOLD<\/figcaption><\/figure>\n\n\n\n<figure class=\"wp-block-image size-large is-style-default\"><img loading=\"lazy\" decoding=\"async\" width=\"1024\" height=\"988\" data-id=\"10146\" src=\"https:\/\/shetransforms.at\/wp-content\/uploads\/2024\/02\/WhatsApp-Image-2024-02-16-at-17.10.05-1-1024x988.jpeg\" alt=\"\" class=\"wp-image-10146\" srcset=\"https:\/\/shetransforms.at\/wp-content\/uploads\/2024\/02\/WhatsApp-Image-2024-02-16-at-17.10.05-1-1024x988.jpeg 1024w, https:\/\/shetransforms.at\/wp-content\/uploads\/2024\/02\/WhatsApp-Image-2024-02-16-at-17.10.05-1-300x289.jpeg 300w, https:\/\/shetransforms.at\/wp-content\/uploads\/2024\/02\/WhatsApp-Image-2024-02-16-at-17.10.05-1-768x741.jpeg 768w, https:\/\/shetransforms.at\/wp-content\/uploads\/2024\/02\/WhatsApp-Image-2024-02-16-at-17.10.05-1-1536x1482.jpeg 1536w, https:\/\/shetransforms.at\/wp-content\/uploads\/2024\/02\/WhatsApp-Image-2024-02-16-at-17.10.05-1-1200x1158.jpeg 1200w, https:\/\/shetransforms.at\/wp-content\/uploads\/2024\/02\/WhatsApp-Image-2024-02-16-at-17.10.05-1-1980x1910.jpeg 1980w, https:\/\/shetransforms.at\/wp-content\/uploads\/2024\/02\/WhatsApp-Image-2024-02-16-at-17.10.05-1-1320x1274.jpeg 1320w, https:\/\/shetransforms.at\/wp-content\/uploads\/2024\/02\/WhatsApp-Image-2024-02-16-at-17.10.05-1-450x434.jpeg 450w, https:\/\/shetransforms.at\/wp-content\/uploads\/2024\/02\/WhatsApp-Image-2024-02-16-at-17.10.05-1-600x579.jpeg 600w, https:\/\/shetransforms.at\/wp-content\/uploads\/2024\/02\/WhatsApp-Image-2024-02-16-at-17.10.05-1.jpeg 2048w\" sizes=\"auto, (max-width: 1024px) 100vw, 1024px\" \/><figcaption class=\"wp-element-caption\">Yantra Ancient Wisdom<br>60&#215;60 cm<br>SOLD<\/figcaption><\/figure>\n\n\n\n<figure class=\"wp-block-image size-large is-style-default\"><img loading=\"lazy\" decoding=\"async\" width=\"1016\" height=\"1024\" data-id=\"10144\" src=\"https:\/\/shetransforms.at\/wp-content\/uploads\/2024\/02\/WhatsApp-Image-2024-02-16-at-17.10.05-3-1016x1024.jpeg\" alt=\"\" class=\"wp-image-10144\" srcset=\"https:\/\/shetransforms.at\/wp-content\/uploads\/2024\/02\/WhatsApp-Image-2024-02-16-at-17.10.05-3-1016x1024.jpeg 1016w, https:\/\/shetransforms.at\/wp-content\/uploads\/2024\/02\/WhatsApp-Image-2024-02-16-at-17.10.05-3-298x300.jpeg 298w, https:\/\/shetransforms.at\/wp-content\/uploads\/2024\/02\/WhatsApp-Image-2024-02-16-at-17.10.05-3-150x150.jpeg 150w, https:\/\/shetransforms.at\/wp-content\/uploads\/2024\/02\/WhatsApp-Image-2024-02-16-at-17.10.05-3-768x774.jpeg 768w, https:\/\/shetransforms.at\/wp-content\/uploads\/2024\/02\/WhatsApp-Image-2024-02-16-at-17.10.05-3-1523x1536.jpeg 1523w, https:\/\/shetransforms.at\/wp-content\/uploads\/2024\/02\/WhatsApp-Image-2024-02-16-at-17.10.05-3-1200x1210.jpeg 1200w, https:\/\/shetransforms.at\/wp-content\/uploads\/2024\/02\/WhatsApp-Image-2024-02-16-at-17.10.05-3-1980x1997.jpeg 1980w, https:\/\/shetransforms.at\/wp-content\/uploads\/2024\/02\/WhatsApp-Image-2024-02-16-at-17.10.05-3-1320x1331.jpeg 1320w, https:\/\/shetransforms.at\/wp-content\/uploads\/2024\/02\/WhatsApp-Image-2024-02-16-at-17.10.05-3-450x454.jpeg 450w, https:\/\/shetransforms.at\/wp-content\/uploads\/2024\/02\/WhatsApp-Image-2024-02-16-at-17.10.05-3-600x605.jpeg 600w, https:\/\/shetransforms.at\/wp-content\/uploads\/2024\/02\/WhatsApp-Image-2024-02-16-at-17.10.05-3-100x100.jpeg 100w, https:\/\/shetransforms.at\/wp-content\/uploads\/2024\/02\/WhatsApp-Image-2024-02-16-at-17.10.05-3.jpeg 2031w\" sizes=\"auto, (max-width: 1016px) 100vw, 1016px\" \/><figcaption class=\"wp-element-caption\">Yantra Heart Opening<br>60&#215;60 cm<br>SOLD<\/figcaption><\/figure>\n\n\n\n<figure class=\"wp-block-image size-large is-style-default\"><img loading=\"lazy\" decoding=\"async\" width=\"1024\" height=\"998\" data-id=\"10143\" src=\"https:\/\/shetransforms.at\/wp-content\/uploads\/2024\/02\/WhatsApp-Image-2024-02-16-at-17.10.05-4-1024x998.jpeg\" alt=\"\" class=\"wp-image-10143\" srcset=\"https:\/\/shetransforms.at\/wp-content\/uploads\/2024\/02\/WhatsApp-Image-2024-02-16-at-17.10.05-4-1024x998.jpeg 1024w, https:\/\/shetransforms.at\/wp-content\/uploads\/2024\/02\/WhatsApp-Image-2024-02-16-at-17.10.05-4-300x292.jpeg 300w, https:\/\/shetransforms.at\/wp-content\/uploads\/2024\/02\/WhatsApp-Image-2024-02-16-at-17.10.05-4-768x749.jpeg 768w, https:\/\/shetransforms.at\/wp-content\/uploads\/2024\/02\/WhatsApp-Image-2024-02-16-at-17.10.05-4-1536x1497.jpeg 1536w, https:\/\/shetransforms.at\/wp-content\/uploads\/2024\/02\/WhatsApp-Image-2024-02-16-at-17.10.05-4-1200x1170.jpeg 1200w, https:\/\/shetransforms.at\/wp-content\/uploads\/2024\/02\/WhatsApp-Image-2024-02-16-at-17.10.05-4-1320x1287.jpeg 1320w, https:\/\/shetransforms.at\/wp-content\/uploads\/2024\/02\/WhatsApp-Image-2024-02-16-at-17.10.05-4-450x439.jpeg 450w, https:\/\/shetransforms.at\/wp-content\/uploads\/2024\/02\/WhatsApp-Image-2024-02-16-at-17.10.05-4-600x585.jpeg 600w, https:\/\/shetransforms.at\/wp-content\/uploads\/2024\/02\/WhatsApp-Image-2024-02-16-at-17.10.05-4.jpeg 1538w\" sizes=\"auto, (max-width: 1024px) 100vw, 1024px\" \/><figcaption class=\"wp-element-caption\">Yantra India<br>60&#215;60 cm<br>SOLD<\/figcaption><\/figure>\n\n\n\n<figure class=\"wp-block-image size-large is-style-default\"><img loading=\"lazy\" decoding=\"async\" width=\"768\" height=\"1024\" data-id=\"10140\" src=\"https:\/\/shetransforms.at\/wp-content\/uploads\/2024\/02\/WhatsApp-Image-2024-02-16-at-17.10.04-2-768x1024.jpeg\" alt=\"\" class=\"wp-image-10140\" srcset=\"https:\/\/shetransforms.at\/wp-content\/uploads\/2024\/02\/WhatsApp-Image-2024-02-16-at-17.10.04-2-768x1024.jpeg 768w, https:\/\/shetransforms.at\/wp-content\/uploads\/2024\/02\/WhatsApp-Image-2024-02-16-at-17.10.04-2-225x300.jpeg 225w, https:\/\/shetransforms.at\/wp-content\/uploads\/2024\/02\/WhatsApp-Image-2024-02-16-at-17.10.04-2-1152x1536.jpeg 1152w, https:\/\/shetransforms.at\/wp-content\/uploads\/2024\/02\/WhatsApp-Image-2024-02-16-at-17.10.04-2-450x600.jpeg 450w, https:\/\/shetransforms.at\/wp-content\/uploads\/2024\/02\/WhatsApp-Image-2024-02-16-at-17.10.04-2-600x800.jpeg 600w, https:\/\/shetransforms.at\/wp-content\/uploads\/2024\/02\/WhatsApp-Image-2024-02-16-at-17.10.04-2.jpeg 1200w\" sizes=\"auto, (max-width: 768px) 100vw, 768px\" \/><figcaption class=\"wp-element-caption\">Yantra Glitter<br>100&#215;100 cm<\/figcaption><\/figure>\n\n\n\n<figure class=\"wp-block-image size-large is-style-default\"><img loading=\"lazy\" decoding=\"async\" width=\"1024\" height=\"1001\" data-id=\"10145\" src=\"https:\/\/shetransforms.at\/wp-content\/uploads\/2024\/02\/WhatsApp-Image-2024-02-16-at-17.10.05-2-1024x1001.jpeg\" alt=\"\" class=\"wp-image-10145\" srcset=\"https:\/\/shetransforms.at\/wp-content\/uploads\/2024\/02\/WhatsApp-Image-2024-02-16-at-17.10.05-2-1024x1001.jpeg 1024w, https:\/\/shetransforms.at\/wp-content\/uploads\/2024\/02\/WhatsApp-Image-2024-02-16-at-17.10.05-2-300x293.jpeg 300w, https:\/\/shetransforms.at\/wp-content\/uploads\/2024\/02\/WhatsApp-Image-2024-02-16-at-17.10.05-2-768x750.jpeg 768w, https:\/\/shetransforms.at\/wp-content\/uploads\/2024\/02\/WhatsApp-Image-2024-02-16-at-17.10.05-2-1536x1501.jpeg 1536w, https:\/\/shetransforms.at\/wp-content\/uploads\/2024\/02\/WhatsApp-Image-2024-02-16-at-17.10.05-2-1200x1172.jpeg 1200w, https:\/\/shetransforms.at\/wp-content\/uploads\/2024\/02\/WhatsApp-Image-2024-02-16-at-17.10.05-2-1980x1935.jpeg 1980w, https:\/\/shetransforms.at\/wp-content\/uploads\/2024\/02\/WhatsApp-Image-2024-02-16-at-17.10.05-2-1320x1290.jpeg 1320w, https:\/\/shetransforms.at\/wp-content\/uploads\/2024\/02\/WhatsApp-Image-2024-02-16-at-17.10.05-2-450x440.jpeg 450w, https:\/\/shetransforms.at\/wp-content\/uploads\/2024\/02\/WhatsApp-Image-2024-02-16-at-17.10.05-2-600x586.jpeg 600w, https:\/\/shetransforms.at\/wp-content\/uploads\/2024\/02\/WhatsApp-Image-2024-02-16-at-17.10.05-2.jpeg 2048w\" sizes=\"auto, (max-width: 1024px) 100vw, 1024px\" \/><figcaption class=\"wp-element-caption\">Yantra The Eye<br>60&#215;60 cm<\/figcaption><\/figure>\n\n\n\n<figure class=\"wp-block-image size-large is-style-default\"><img loading=\"lazy\" decoding=\"async\" width=\"1022\" height=\"1024\" data-id=\"10142\" src=\"https:\/\/shetransforms.at\/wp-content\/uploads\/2024\/02\/WhatsApp-Image-2024-02-16-at-17.10.04-1022x1024.jpeg\" alt=\"\" class=\"wp-image-10142\" srcset=\"https:\/\/shetransforms.at\/wp-content\/uploads\/2024\/02\/WhatsApp-Image-2024-02-16-at-17.10.04-1022x1024.jpeg 1022w, https:\/\/shetransforms.at\/wp-content\/uploads\/2024\/02\/WhatsApp-Image-2024-02-16-at-17.10.04-300x300.jpeg 300w, https:\/\/shetransforms.at\/wp-content\/uploads\/2024\/02\/WhatsApp-Image-2024-02-16-at-17.10.04-150x150.jpeg 150w, https:\/\/shetransforms.at\/wp-content\/uploads\/2024\/02\/WhatsApp-Image-2024-02-16-at-17.10.04-768x770.jpeg 768w, https:\/\/shetransforms.at\/wp-content\/uploads\/2024\/02\/WhatsApp-Image-2024-02-16-at-17.10.04-1532x1536.jpeg 1532w, https:\/\/shetransforms.at\/wp-content\/uploads\/2024\/02\/WhatsApp-Image-2024-02-16-at-17.10.04-1200x1203.jpeg 1200w, https:\/\/shetransforms.at\/wp-content\/uploads\/2024\/02\/WhatsApp-Image-2024-02-16-at-17.10.04-1980x1985.jpeg 1980w, https:\/\/shetransforms.at\/wp-content\/uploads\/2024\/02\/WhatsApp-Image-2024-02-16-at-17.10.04-1320x1323.jpeg 1320w, https:\/\/shetransforms.at\/wp-content\/uploads\/2024\/02\/WhatsApp-Image-2024-02-16-at-17.10.04-450x451.jpeg 450w, https:\/\/shetransforms.at\/wp-content\/uploads\/2024\/02\/WhatsApp-Image-2024-02-16-at-17.10.04-600x601.jpeg 600w, https:\/\/shetransforms.at\/wp-content\/uploads\/2024\/02\/WhatsApp-Image-2024-02-16-at-17.10.04-100x100.jpeg 100w, https:\/\/shetransforms.at\/wp-content\/uploads\/2024\/02\/WhatsApp-Image-2024-02-16-at-17.10.04.jpeg 2043w\" sizes=\"auto, (max-width: 1022px) 100vw, 1022px\" \/><figcaption class=\"wp-element-caption\">Yantra Japan<br>60&#215;60 cm<\/figcaption><\/figure>\n<\/figure>\n\n\n\n<p><mark style=\"background-color:rgba(0, 0, 0, 0);color:#d1aa65\" class=\"has-inline-color\">*alle abgebildeten Bilder: Acryl auf Leinwand<\/mark><\/p>\n\n\n\n<p><\/p>\n","protected":false},"excerpt":{"rendered":"<p>F\u00dcR DEIN ZUHAUSE Inspiriert von den wunderbaren Kulturen dieser Welt, und mit grosser Liebe &amp; Hingabe produziere ich seit 2023 sogenannte Yantra Bilder. Yantras\u00a0(Sanskrit\u00a0\u092f\u0928\u094d\u0924\u094d\u0930\u00a0yantra, n., von\u00a0yam\u00a0\u201est\u00fctzen\u201c, \u201e(er)halten\u201c) sind rituelle Diagramme, die im\u00a0Hinduismus\u00a0und\u00a0Tantrismus\u00a0verbreitet sind und zur\u00a0Meditation\u00a0verwendet werden bzw. initiatorische Funktion erf\u00fcllen. Ein YANTRA gilt als Repr\u00e4sentation des G\u00f6ttlichen und kann als physischer Ausdruck eines Mantra betrachtet [&hellip;]<\/p>\n","protected":false},"author":1,"featured_media":0,"parent":0,"menu_order":0,"comment_status":"closed","ping_status":"closed","template":"","meta":{"footnotes":""},"class_list":["post-10057","page","type-page","status-publish","hentry"],"_links":{"self":[{"href":"https:\/\/shetransforms.at\/index.php\/wp-json\/wp\/v2\/pages\/10057","targetHints":{"allow":["GET"]}}],"collection":[{"href":"https:\/\/shetransforms.at\/index.php\/wp-json\/wp\/v2\/pages"}],"about":[{"href":"https:\/\/shetransforms.at\/index.php\/wp-json\/wp\/v2\/types\/page"}],"author":[{"embeddable":true,"href":"https:\/\/shetransforms.at\/index.php\/wp-json\/wp\/v2\/users\/1"}],"replies":[{"embeddable":true,"href":"https:\/\/shetransforms.at\/index.php\/wp-json\/wp\/v2\/comments?post=10057"}],"version-history":[{"count":24,"href":"https:\/\/shetransforms.at\/index.php\/wp-json\/wp\/v2\/pages\/10057\/revisions"}],"predecessor-version":[{"id":10933,"href":"https:\/\/shetransforms.at\/index.php\/wp-json\/wp\/v2\/pages\/10057\/revisions\/10933"}],"wp:attachment":[{"href":"https:\/\/shetransforms.at\/index.php\/wp-json\/wp\/v2\/media?parent=10057"}],"curies":[{"name":"wp","href":"https:\/\/api.w.org\/{rel}","templated":true}]}}